 is the units digit of o(a)?
2
Let x(s) = 20*s**2 - 13*s + 31. What is the hundreds digit of x(3)?
1
Let s be 614*(-1 + 5/(-2)). What is the tens digit of s/(-14) + -7 + (-2)/4?
4
Suppose -4*q + a + 214 = 0, 3*q = 4*q + 4*a - 62. Let x = 17 + q. What is the units digit of x?
1
Let w = 185 + 205. What is the units digit of w?
0
Suppose 0 = -0*r - 5*r - 7020. Let f be r/90 + 2/(-5). What is the units digit of (-10)/3*24/f?
5
Suppose 0 = 5*g - 7 - 8. Let s(q) = -q**3 - 4*q**2 - q - 6. Let v be s(-6). Suppose v = i + g*i. What is the units digit of i?
8
Suppose 2*y - y = 2. Let a(n) = 27*n - 7. What is the tens digit of a(y)?
4
Let g(h) = h**3 + 5*h**2 - 4*h + 4. What is the units digit of g(3)?
4
Suppose 29*t = 34*t - 10. Suppose -182 = -4*f + 3*j - 0*j, 0 = -t*f + 2*j + 92. What is the tens digit of f?
4
Let t(k) = -k**3 - 2*k**2 - 3*k - 3. Let j be t(-3). Let m be (-1)/(((-3)/j)/(-1)). Let q = -2 - m. What is the units digit of q?
3
Let p be -2 + -2 + 3 - -3. Suppose -274 = -3*s - 4*h, -s + p*h = 7*h - 106. What is the units digit of s?
6
Let t(n) = 4*n + 37. Let v be t(-10). What is the tens digit of (-1)/((-1 + v)/236)?
5
Let l(p) = p**3 - 24*p**2 - 24*p - 8. Suppose 2*v + 10 = 0, 5*x + 2*v - 76 = 39. What is the units digit of l(x)?
7
Let s be (-2208)/(-60)*30/4. What is the units digit of (-1)/((-4)/(s + 4))?
0
Suppose -z + 17 + 3 = 0. Let t = z - 20. Suppose 0 = -t*k + 5*k - 135. What is the units digit of k?
7
Suppose -h - 5*a + 30 = 4*h, 0 = 3*h + 2*a - 17. Suppose -4*t + h + 3 = 0. Suppose 4*k = 5*z + 40, 0*k + 3*k - 30 = t*z. What is the units digit of k?
0
Suppose -5 = 8*h - 9*h. Let l(c) = 33*c. What is the hundreds digit of l(h)?
1
Suppose 0 = 144*d - 140*d - 4. Let j(n) = 23*n**3 - n**2 - n + 1. What is the units digit of j(d)?
2
Suppose 0 = -v - 77 - 4. Let x be 160/(-3)*v/18. Suppose -x = -f - 3*f. What is the units digit of f?
0
Let d(t) = -9*t - 2. Let w be d(-1). Suppose -z - 15 = -3*n, 2*n = w*n - z - 25. Suppose -6*g + 4 = -2*g + n*p, 5*g = -2*p + 22. What is the units digit of g?
6
Let a(o) = -2*o**3 + 22*o**2 + 43*o - 10. What is the hundreds digit of a(10)?
6
Suppose -v + 6 = -z, -v + 2*z = 7*z. Let r(i) = 2*i**3 - 6*i**2 - 3*i + 2. What is the tens digit of r(v)?
8
Let m(i) = -i**2 + 21. Let n = -9 + 10. Let o = n - 1. What is the tens digit of m(o)?
2
Let h = 9 + -16. Let a(y) = -37*y - 19. What is the units digit of a(h)?
0
Let q(s) = s**2 + 6*s - 2. Let a be q(-7). Suppose -4*r - 2 = -2*w, w - r + a*r = 25. What is the units digit of w?
9
Let x = 1 + 3. What is the tens digit of 21*(-5)/(-6) - 6/x?
1
Let p(c) = 59*c + 38. Let g be p(-6). Let h = 472 + g. What is the tens digit of h?
5
Let i(b) = 3*b**2 - 8*b + 8. Let w be i(6). Suppose -39*k + 77*k - 41*k = 0. Suppose -d - 3*o = -k*d - w, -2*d - 3*o + 127 = 0. What is the units digit of d?
9
Let y = -8 - -8. Suppose -4*o + o - 60 = y. Let j = o + 25. What is the units digit of j?
5
Let k be 72/(-14) - 8/(-56). Let j be (-12)/k + (-18)/45. Suppose -j*g = -5*g + 24. What is the units digit of g?
8
Suppose -14978 + 45008 = 11*z. What is the tens digit of z?
3
Suppose 45 + 43 = -2*j. Let f be (-304)/(-22) - 8/j. Suppose 0*z = -2*z + f. What is the units digit of z?
7
Let m = 883 - 400. What is the hundreds digit of m?
4
Suppose 8*x - 3*x = 20. Suppose -4*o + r - 25 = 0, 2*o + r = 5*o + 19. What is the units digit of 4 + x*(-9)/o?
0
Let b(l) = l - 31. Let k(i) = i - 31. Let j(z) = -4*b(z) + 3*k(z). What is the tens digit of j(10)?
2
Let j(l) = 33*l + 523. What is the units digit of j(10)?
3
Let z = 4919 - 2732. What is the thousands digit of z?
2
Let f be (-3)/((-5)/(-2) + -4). Suppose -3*t + f*t = -48. What is the units digit of t?
8
Suppose 5*n - 38 - 42 = 0. Let f(a) = 5*a - 4. Let p be f(n). Suppose -p - 4 = -5*t. What is the units digit of t?
6
Let s(o) = -9*o + 5. Let p = -10 - -5. Let a be s(p). Suppose -2*b - a = -2*y, 104 - 9 = 4*y - 5*b. What is the tens digit of y?
3
Let w be (-31)/(172/(-84) + 2). Suppose 3*d - w = -4*d. What is the units digit of d?
3
Let c = 1 - -1. Suppose -1035 = -c*r - 3*r. What is the tens digit of r?
0
Suppose -19*p = -3045 + 537. What is the hundreds digit of p?
1
Let g be (-12)/20 - 54/10. What is the units digit of 2*((-33)/g - -4)?
9
What is the hundreds digit of 306 + -2 - 42/(-21)?
3
Let g(w) = -8*w - 9. Suppose 12 - 8 = -k. What is the tens digit of g(k)?
2
Let p be (24/15)/(16/40). What is the tens digit of p/(-10) - (-3520)/50?
7
Let q = -82 + 136. Let l = 90 - q. What is the tens digit of l?
3
Let t(d) = d**2 + 6*d - 2. Let a be t(-7). Suppose -32 - 3 = a*m. Let g = 32 + m. What is the units digit of g?
5
Let g = 17 + -30. Let l be 2/(4/(-2))*g. Suppose 14 = 3*j - l. What is the units digit of j?
9
Let v be -36*((-4)/14 + (-500)/210). Suppose 0 = -5*z - 15, 2*g + z - v = 5*z. What is the units digit of g?
2
Suppose -4*d = -4*a + 26012, -13026 = -2*a + 7*d - 10*d. What is the hundreds digit of a?
5
Suppose 0 = 15*j - 14*j - 323. Let o = j - 148. What is the tens digit of o?
7
Suppose -3*p + d = -663, -3*p + 340 + 338 = 4*d. What is the hundreds digit of (-3 - -3) + (p - 1)?
2
Suppose -347 = 11*a - 12*a. What is the units digit of a?
7
Let d = 659 + -131. What is the tens digit of d?
2
Let s = -2 + 8. Suppose s*h = 7*h. Suppose 2*n - i = 105, h = 5*n - 5*i - 21 - 254. What is the units digit of n?
0
Let j be 2 + (-5 - (3 - 2)). Let i be (-2)/(-8) - 359/j. Suppose 0 = 5*r + 2*l - 111, 0*r + i = 4*r + l. What is the units digit of r?
3
Let q = 830 + -477. What is the hundreds digit of q?
3
Let v(d) = 3*d**3 - 2*d**2 - 4*d. Let k = 3 - 9. Let r be (-3)/(-9) - 16/k. What is the tens digit of v(r)?
5
Let x = 3 + -11. Let s(w) = -w**3 - 7*w**2 + 8*w + 4. Let v be s(x). Suppose 3*r - 3*u - 20 - v = 0, 0 = 5*u + 10. What is the units digit of r?
6
Let o(u) = -u**3 + 19*u**2 - 20*u + 43. Let f be o(18). Suppose -3 = -w - g + 1, 5*w - g + 4 = 0. Let h = f + w. What is the units digit of h?
7
Let t = 12 + -8. Suppose t*b - 24 = -0*b. What is the tens digit of (b/4)/((-6)/(-208))?
5
Suppose -4*h - 7*h + 5929 = 0. What is the units digit of h?
9
Let g(u) = 344*u - 74. What is the thousands digit of g(7)?
2
Let t = 106 + 38. What is the tens digit of t?
4
Let m(b) = b**3 + b**2 + 6*b - 6. Let o be m(5). Suppose o = 2*h + h. Let a = -31 + h. What is the tens digit of a?
2
Suppose 2*q - 1 - 1 = -5*d, 4*d = -2*q. Suppose -2*m + 3*m - 2*o + 2 = 0, 4*m + 2 = d*o. Suppose m = 3*x - 5 - 40. What is the units digit of x?
5
Let m = -21 + 26. Suppose -2*o = -3*v - m*o + 57, -v + 31 = 4*o. What is the tens digit of v?
1
Let l = -158 - -488. Suppose 2*k + 2*k = -b + l, -k - 2*b = -79. What is the tens digit of k?
8
Suppose 2*g - k - 623 = 4*g, 5*g + 1561 = k. What is the units digit of g/(-2) + -11 + 8?
3
Let g(j) = -j**2 + 11*j + 3. Let a be g(5). What is the tens digit of a/18*130 - 18/(-27)?
3
Suppose -499*n - 2100 = -501*n. What is the thousands digit of n?
1
Suppose -2*j - 2*r + 400 = 0, -5*j + 4*r + 527 + 473 = 0. What is the hundreds digit of j?
2
Let d be 3 + (-9)/3 - -8. Let n = d + -6. Suppose -q = -2*i + 19, 3*i + n*q - 18 = -i. What is the units digit of i?
7
Let r(a) be the third derivative of -7*a**4/24 - 3*a**3/2 - 4*a**2. Let p be r(-4). Let z = p - -5. What is the units digit of z?
4
Let j(g) = g**3 - 6*g**2 - 19*g + 6. Let l be j(8). What is the units digit of (l/(-12))/(3/34)?
7
Let y be 2 + 6 + (-98)/7. Suppose 106 = -5*z + 41. Let i = y - z. What is the units digit of i?
7
Suppose 4*v - 207 + 39 = -3*l, -2*l + 4*v + 112 = 0. Suppose -l*w + 53*w + 96 = 0. What is the tens digit of w?
3
Let g = 34 - 10. Suppose 2*w = w - g. Let z = w - -35. What is the units digit of z?
1
Let c(t) = t. Let k be c(-15). Let y be 33/((-3)/2 + 0). Let p = k - y. What is the units digit of p?
7
Let d = 128 - 234. Let z = -62 - d. What is the units digit of z?
4
Let c = -14 + 19. Suppose -2*r - 41 = s, 6*r + c = r. Let t = s + 71. What is the units digit of t?
2
Suppose -2*w = -3*k + 219, w = 3*w - 4*k + 214. Let j = w + 193. What is the tens digit of j?
7
Let y(t) = 32*t**2 - 4*t + 1. Let f(l) = -128*l**2 + 16*l - 3. Let w(k) = 2*f(k) + 9*y(k). What is the hundreds digit of w(2)?
1
Let b(c) = -11*c - 26. Suppose 0 = l + 2*h - 4, 0 = -5*l - 0*h - 4*h - 